 u(b) = 7*b**3 - 6*b**2 + 11*b + 9. Let w(l) = -6*s(l) + 17*u(l). Suppose -3*a = -11 - 4. Calculate w(a).
-3
Let x(u) = -u**2 - 6*u - 6. Let i(q) = q**2. Let l(n) = n**3 + n**2 - 4*n - 1. Let h(f) = 3*i(f) + l(f). Let z be h(-5). Give x(z).
-6
Let g = 12 - 17. Let d(u) = u**2 + 5*u + 4. Let i be d(g). Let y(f) = 3*f**3 - 3 + 6*f - 2*f**3 + i + 5*f**2 - 3*f. What is y(-4)?
5
Suppose 0 = -3*l - 9*l + 12. Suppose 4*t = -0*t + r + 6, -t - 4 = -3*r. Let o(j) = j + 7. Let m(w) = -1. Let d(c) = l*o(c) + t*m(c). Give d(-4).
1
Let a(p) be the second derivative of -p**6/360 + p**5/120 - 11*p**4/12 - 24*p. Let c(r) be the third derivative of a(r). Give c(4).
-7
Let r(z) = -2*z**3 - 6*z**2 - 5*z - 1. Let w = 592 + -595. Determine r(w).
14
Let c(l) = 2*l - 2. Let k(h) = h**3 - 3*h**2 + 4*h - 1. Let r(d) = d**3 - 7*d**2 - d + 10. Let w be r(7). Let z be k(w). Suppose -3*b - 2 = -z. Determine c(b).
4
Let j(m) be the first derivative of -m**4/4 + 11*m**3/3 + 6*m**2 + 37. What is j(12)?
0
Let l(d) = d**3 + 8*d**2 - 19*d + 10. Suppose 16 = 6*w + 76. Determine l(w).
0
Let x(u) = -u**3 + 6*u**2 - 4*u + 2. Let s be x(5). Let d(w) = -19*w + 13*w - 5 + 5*w. Give d(s).
-12
Suppose 4*j - 11 = -3. Let i = j + 4. Let d(p) = -3 + 6 + i - 6*p - 3*p**2 + 4*p**2. Determine d(6).
9
Let s(z) be the first derivative of z**4/4 - 2*z**3 + 6*z - 3007. Let q = 16 - 10. Calculate s(q).
6
Let o(h) = -h**3 + 15*h**2 - 14*h + 3. Let j be ((-4)/3 + 0)*945/(-90). Determine o(j).
3
Let z(j) = -j**3 - 3*j**2 + 4*j - 1. Let p(r) = 38*r - 5*r**2 + 34*r + 2 - 71*r. Let i be p(-1). Determine z(i).
-1
Let c(h) = h**3 + 3*h**2 + h + 1. Suppose -3*p - p = -5*o - 11, -3*o - 11 = 2*p. Determine c(o).
-2
Let k = 4 + 0. Let q(x) be the first derivative of x**3/3 - x**2/2 - 4*x + 78. Calculate q(k).
8
Let y be (1*(6 - 1))/(-1). Let q(x) = -x**2 + 16*x + 18. Let w(u) = 4*u + 4. Let k(m) = -q(m) + 6*w(m). What is k(y)?
-9
Let d(t) = 4 + 13*t**3 + 4*t**3 + 14*t**3 - 6*t**2 - 32*t**3 - t. Calculate d(-4).
-24
Suppose 3*g - 16 = 14*t - 13*t, 5*t = 4*g - 25. Let j(c) = -2*c**3 - 8*c**2 - c - 4. Let o(r) = -r**3 - r**2. Let k(i) = t*j(i) + 3*o(i). Determine k(5).
9
Let b = 1 + 2. Suppose b = -4*l + 19. Let m(a) be the first derivative of a**3/3 - 2*a**2 - 5*a + 7. Calculate m(l).
-5
Let z = 41 + -32. Suppose 3*q - z = 3. Let l(a) be the first derivative of -a**2 + a + 1. Determine l(q).
-7
Suppose 5*h = -c + 7*h + 11, 4*h = -4. Let l(w) = w**2 + 3*w + 2. Let j(n) = -4*n**2 - 13*n - 7. Let y(o) = c*l(o) + 2*j(o). Calculate y(-6).
34
Let m(g) = 338 - 1011 + 4*g**2 - 2*g + 332 - 3*g**2 + 339. What is m(-1)?
1
Let i(l) = -l**3 - 7*l**2 + 9*l + 12. Let h(q) be the first derivative of -1/4*q**4 + 2*q + 3 - 3/2*q**2 + 1/3*q**3. Let a be h(2). Calculate i(a).
4
Let y(p) = p - 3. Let r = -47 - -43. What is y(r)?
-7
Let x(c) = -2*c + 2 - 5 - 6 + 2. Let g be x(-7). Let o(r) = 4*r**2 + 0*r**2 - 3*r**2 + 7 - g*r + 0*r**2. Give o(5).
-3
Let n(v) = -v**3 - 14*v**2 + 14*v - 4. Let m = 13 + -28. Let x be n(m). Let w(h) = x - 9 - 4 - h. Give w(4).
-6
Let b(j) = -j**3 + 3*j**2 - 13*j - 3. Let i(s) = s**3 - 2*s**2 + 11*s + 2. Let z(w) = -5*b(w) - 6*i(w). What is z(-3)?
6
Let d(t) = -1107 + 2205 - 1115 - t**2 - t. Give d(0).
-17
Let b(n) be the first derivative of 5*n**2/2 + 6*n + 86. Calculate b(-2).
-4
Let h(d) = -d. Let a = 41 - 42. Let m(c) = -3*c + 3. Let s(y) = a*m(y) + 5*h(y). Calculate s(-2).
1
Let j(q) = -10*q**3 - 43*q**2 + 46*q + 3. Let t(s) = 3*s**3 + 14*s**2 - 15*s - 1. Let y(v) = 2*j(v) + 7*t(v). Give y(-13).
-1
Suppose -5224*r = -5218*r + 24. Let z(h) = -5*h - 16. Give z(r).
4
Suppose o - 2 = 2*o - 2*w, -o + 5*w = 5. Let l(p) = 6 + o + 6 - p. Let g be l(8). Let m(v) = v + 1. Determine m(g).
5
Let z = 90 - 104. Let s(i) = -2*i - 10. Give s(z).
18
Let j(m) = -3*m + 2. Let c be j(1). Let o = 14 - c. Suppose 5*p + 5 = 3*x - 10, 5*p + 4*x + o = 0. Let a(h) = h**3 + 3*h**2 + 5*h + 3. What is a(p)?
-12
Let x(h) be the second derivative of h**3/3 + 11*h**2/2 - 14*h. Calculate x(-8).
-5
Let g(k) be the first derivative of 9*k**2 + 29*k + 73. Calculate g(-2).
-7
Let j(m) be the third derivative of -m**3 - 1/60*m**5 + 0 + 14*m**2 + 1/12*m**4 + 0*m. What is j(4)?
-14
Let v(k) = -k**3 - k**2 + 9*k - 1. Let b(y) = y**2 + y. Let r(l) = 5*b(l) - v(l). Let x be 2752/(-448) - 2*1/(-14). What is r(x)?
25
Let o(j) = 20*j + 9. Let g(v) = 7*v + 3. Let y(n) = 13*g(n) - 4*o(n). Calculate y(-1).
-8
Let s(p) = p**2 + p - 1. Suppose -177*x = -180*x - 6. Give s(x).
1
Let w(s) = s**3 + 7*s**2 - 2*s. Let i be ((-680)/(-32))/((-1)/4). Let y = i - -78. Give w(y).
14
Let k(w) = 11*w + 36. Let u be k(-3). Let t be ((-2)/3)/((-1)/3). Let f(p) = p**u + p - 12*p**2 + 16*p**2 - 5 - 10*p**t. Determine f(6).
1
Let k be (7/(-4))/((-3)/60). Let q be 96/(-21) - (-20)/k. Let x(j) = j**2 + 4*j. Determine x(q).
0
Let z(n) = n**3 + 4*n**2 + n - 2. Let r(a) = a**2 + 12*a + 8. Let v be r(-11). Let o be 2/((-1)/(-3)*v). What is z(o)?
4
Let v(f) = 182 - 364 + 184 - 6*f + 6*f - 9*f. Calculate v(-4).
38
Let x(u) = -4*u - 3. Suppose r = -3*n - 4*r - 128, n + 40 = r. Let s = -45 - n. Calculate x(s).
13
Let g = -18 + 25. Let y(t) = -2*t + 2. Let a(q) = -13*q + 11. Let i(x) = a(x) - 6*y(x). What is i(g)?
-8
Let h(y) be the third derivative of -y**4/4 - y**2. Let m be 1/(-5) + (-21)/(-5). Suppose m*s = t - 8, -10 = -2*s - t - 2*t. Calculate h(s).
6
Let o(h) = -25*h - 2. Let q be 9 + (-43)/5 + 35/(-25). What is o(q)?
23
Let i(w) be the second derivative of 1/3*w**3 - 3*w**2 - 10*w + 0. Calculate i(6).
6
Let m be 4 - (10/2 - 1). Suppose m = -0*o - o + 8. Let g(p) = 14*p**2 - 32*p - 32. Let y(f) = -5*f**2 + 11*f + 11. Let u(z) = 4*g(z) + 11*y(z). What is u(o)?
1
Let o(h) = h - 1. Let k(s) = 2*s - 2. Let f(t) = -3*k(t) + 2*o(t). Let y be (-55)/20 + ((-72)/32 - -2). What is f(y)?
16
Let m(h) = h**3 - 5*h**2 - 7*h. Let u(g) = g + 7. Let z be u(-17). Let b be z + 14 + 0 + 2. What is m(b)?
-6
Let d(p) be the third derivative of -p**7/840 + p**5/60 - p**4/12 - 5*p**3 - 21*p**2. Let h(f) be the first derivative of d(f). Give h(2).
-6
Let j(k) = k**2 - 11*k. Let b be j(11). Suppose -4*t + 5*d + b*d - 37 = 0, 0 = -3*t + d - 14. Let z(o) = 0*o + o + 6 + 0*o. What is z(t)?
3
Let k(p) = 11*p**2 - 3*p + 6. Let m(f) = -31*f**2 + 9*f - 19. Let t(h) = -17*k(h) - 6*m(h). What is t(-5)?
2
Let q(i) = -21*i + 14*i + 2 + 3*i. Give q(3).
-10
Let f(r) be the first derivative of r**4/4 - 8*r - 69. What is f(0)?
-8
Let r be (0 - (-30)/40)*-12. Let w(a) = -a**3 - 10*a**2 - 8*a + 2. What is w(r)?
-7
Suppose -5*h = -21 - 9. Let v(f) = 2*f + 3. Let c(r) = 5*r + 5. Let s(y) = -c(y) + 2*v(y). Let d(w) = 3*w - 2. Let u(b) = h*d(b) + 17*s(b). Determine u(5).
10
Let p(h) = -5*h + 5. Suppose 21 = 2*w - 4*m + 1, 2*m = -6. What is p(w)?
-15
Let y(m) = -m**3 + 4*m**2 + m. Suppose 2*c - 5*c + 9 = 0. Suppose -t - 4*o = -4, 0 = -c*t - 0*t + 5*o + 12. Calculate y(t).
4
Let u(t) = -5*t**3 + 3*t**2 - 6*t + 3. Let b(y) = 9*y**3 - 7*y**2 + 12*y - 6. Let m(i) = -4*b(i) - 7*u(i). Let d = -850 - -856. Determine m(d).
3
Let w(o) = -2*o - 3. Let v(b) = -b**3 + 4*b**2 - 2*b - 1. Let f be v(3). Suppose 3*y + t + 12 = -1, -f*t - 2 = 0. Determine w(y).
5
Let a(y) = -5*y**2 - 7*y - 7. Let l(o) = o**2 + o + 1. Let b(s) = -a(s) - 6*l(s). Let h = 6 + -4. Suppose -2*c - 2*c = -h*r, 0 = 5*r - c - 9. What is b(r)?
-1
Let d(b) = b**2 - 5*b + 2. Let f be (-1 + 3)*2 - 1. Suppose f*u - 4*u = 51. Let v be (-2)/(-6) + u/(-9). Calculate d(v).
8
Let h(r) = 10 - 5 - 2 - 2*r + 0*r. Determine h(7).
-11
Let w(r) = -1 - 1 + 2 - 14*r. Let q be ((-10)/(-20))/(3/(-6)). Give w(q).
14
Suppose 0 = i - q - 35, -4*i + 4*q + 144 = q. Let g(h) = -42*h - i*h + 76*h + 3. Determine g(-3).
18
Let n(m) = 135*m + 9. Let p(c) = 14*c + 1. Let x(s) = -n(s) + 9*p(s). What is x(0)?
0
Let h(z) = -2*z - 1. Let m(o) = 8*o - 7. Let p(u) = 6*h(u) - m(u). What is p(-1)?
21
Let c(j) = -4*j**2 - 27*j + 3. Let r(n) = -n**2 - 8*n + 1. Let v(a) = 2*c(a) - 7*r(a). Let m = 1 + 2. Give v(m).
-4
Let t(r) = -2*r + 2. Let y(i) be the second derivative of -i**3/6 - 5*i**2 + 6*i. Suppose -2*x = 2*x + 24. Let g be y(x). Give t(g).
10
Let v(i) = -14*i**2 + 24*i + 23. Let t(l) = -5*l**2 + 8*l + 8. Let o(r) = 17*t(r) - 6*v(r). Let a = 12 + -19. What is o(a)?
5
Let p(o) = o**3 - 10*o**